{"id":926,"date":"2023-02-28T14:44:58","date_gmt":"2023-02-28T13:44:58","guid":{"rendered":"https:\/\/qualiteexcellencemanageriale.org\/?page_id=926"},"modified":"2023-03-16T10:48:04","modified_gmt":"2023-03-16T09:48:04","slug":"conference-2023","status":"publish","type":"page","link":"https:\/\/qualiteexcellencemanageriale.org\/index.php\/conference-2023\/","title":{"rendered":"CONF\u00c9RENCE 2023"},"content":{"rendered":"\n<div class=\"wp-block-cover alignfull\"><span aria-hidden=\"true\" class=\"wp-block-cover__background has-nv-dark-bg-background-color has-background-dim-100 has-background-dim\"><\/span><div class=\"wp-block-cover__inner-container is-layout-flow wp-block-cover-is-layout-flow\">\n<div style=\"height:71px\" aria-hidden=\"true\" class=\"wp-block-spacer\"><\/div>\n\n\n\n<h2 class=\"has-text-align-left has-nv-site-bg-color has-text-color wp-block-heading\">2e conf\u00e9rence Qualit\u00e9 et Excellence Manag\u00e9riale<\/h2>\n\n\n\n<div class=\"wp-block-columns is-layout-flex wp-container-core-columns-is-layout-9d6595d7 wp-block-columns-is-layout-flex\">\n<div class=\"wp-block-column is-layout-flow wp-block-column-is-layout-flow\" style=\"flex-basis:66.66%\">\n<p class=\"has-nv-site-bg-color has-text-color\">Le Master Qualit\u00e9 de l&rsquo;<a href=\"https:\/\/ifis.univ-gustave-eiffel.fr\/\" target=\"_blank\" rel=\"noreferrer noopener\">IFIS<\/a> organisera le mardi 6 juin 2023 sa <strong>2\u00e8me conf\u00e9rence <\/strong>sur le th\u00e8me de la Qualit\u00e9 du Futur. Le programme d\u00e9taill\u00e9e est \u00e0 venir.<\/p>\n\n\n\n<p class=\"has-nv-site-bg-color has-text-color\">\u00c0 l&rsquo;image du Master Qualit\u00e9 tr\u00e8s orient\u00e9 professionnalisation (tous les \u00e9tudiants sont n\u00e9cessairement en apprentissage), il s&rsquo;agissait de faire se rencontrer deux mondes compl\u00e9mentaires : la recherche universitaire et les approches terrains des entreprises. <\/p>\n<\/div>\n\n\n\n<div class=\"wp-block-column is-layout-flow wp-block-column-is-layout-flow\" style=\"flex-basis:33.33%\">\n<figure class=\"wp-block-image size-full is-resized\"><img loading=\"lazy\" decoding=\"async\" src=\"https:\/\/qualiteexcellencemanageriale.org\/wp-content\/uploads\/2022\/05\/Logo-RQEM.png\" alt=\"Logo de la Revue de la Qualit\u00e9 et de l'Excellence Manag\u00e9riale\" class=\"wp-image-481\" width=\"331\" height=\"299\" srcset=\"https:\/\/qualiteexcellencemanageriale.org\/wp-content\/uploads\/2022\/05\/Logo-RQEM.png 477w, https:\/\/qualiteexcellencemanageriale.org\/wp-content\/uploads\/2022\/05\/Logo-RQEM-300x272.png 300w\" sizes=\"auto, (max-width: 331px) 100vw, 331px\" \/><\/figure>\n<\/div>\n<\/div>\n<\/div><\/div>\n\n\n\n<hr class=\"wp-block-separator has-css-opacity\"\/>\n\n\n\n<h2 class=\"wp-block-heading\" id=\"programme\">Programme<\/h2>\n\n\n\n<p>Le programme est en cours de finalisation. Il vous sera communiqu\u00e9 tr\u00e8s prochainement.<\/p>\n\n\n\n<hr class=\"wp-block-separator has-css-opacity\"\/>\n\n\n\n<h2 class=\"wp-block-heading\">Infos pratiques<\/h2>\n\n\n\n<p>La Conf\u00e9rence Qualit\u00e9 et Excellence Manag\u00e9riale 2023 se tiendra \u00e0 l&rsquo;Universit\u00e9 Gustave Eiffel sis 5 Boulevard Descartes 77420 Champs-sur-Marne \u00e0 l&rsquo;auditorium du b\u00e2timent Copernic.<\/p>\n\n\n\n<p>Pour vous y rendre :<\/p>\n\n\n\n<ul class=\"wp-block-list\">\n<li>en transport par le RER A \u00e0 la station \u00ab\u00a0Noisy-Champs\u00a0\u00bb<\/li>\n\n\n\n<li>en voiture via l&rsquo;A4 sortie 10 \u00ab\u00a0Cit\u00e9 Descartes\u00a0\u00bb (Direction Paris ou Direction Metz-Nancy).<\/li>\n<\/ul>\n\n\n<p><iframe loading=\"lazy\" style=\"border: 0;\" src=\"https:\/\/www.google.com\/maps\/embed?pb=!1m14!1m8!1m3!1d5251.988433778521!2d2.587149!3d48.839249!3m2!1i1024!2i768!4f13.1!3m3!1m2!1s0x47e60e325b1016d5%3A0x7cba3f4d10e2d1fc!2sB%C3%A2timent%20Copernic%2C%205%20Bd%20Descartes%2C%2077420%20Champs-sur-Marne!5e0!3m2!1sfr!2sfr!4v1677594381156!5m2!1sfr!2sfr\" allowfullscreen=\"allowfullscreen\" width=\"600\" height=\"450\"><\/iframe><\/p>","protected":false},"excerpt":{"rendered":"<p>Programme Le programme est en cours de finalisation. Il vous sera communiqu\u00e9 tr\u00e8s prochainement. Infos pratiques La Conf\u00e9rence Qualit\u00e9 et Excellence Manag\u00e9riale 2023 se tiendra \u00e0 l&rsquo;Universit\u00e9 Gustave Eiffel sis 5 Boulevard Descartes 77420 Champs-sur-Marne \u00e0 l&rsquo;auditorium du b\u00e2timent Copernic. Pour vous y rendre :<\/p>\n","protected":false},"author":1,"featured_media":0,"parent":0,"menu_order":0,"comment_status":"closed","ping_status":"closed","template":"","meta":{"neve_meta_sidebar":"","neve_meta_container":"","neve_meta_enable_content_width":"","neve_meta_content_width":0,"neve_meta_title_alignment":"","neve_meta_author_avatar":"","neve_post_elements_order":"","neve_meta_disable_header":"","neve_meta_disable_footer":"","neve_meta_disable_title":"","_ti_tpc_template_sync":false,"_ti_tpc_template_id":"","footnotes":""},"class_list":["post-926","page","type-page","status-publish","hentry"],"yoast_head":"<!-- This site is optimized with the Yoast SEO plugin v20.8 - https:\/\/yoast.com\/wordpress\/plugins\/seo\/ -->\n<title>CONF\u00c9RENCE 2023 - Revue de la Qualit\u00e9 et de l&#039;Excellence Manag\u00e9riale<\/title>\n<meta name=\"description\" content=\"1\u00e8re conf\u00e9rence Qualit\u00e9 et Excellence Manag\u00e9riale \u00e0 l&#039;IFIS de l&#039;Universit\u00e9 Gustave Eiffel. Les inscriptions sont ouvertes !\" \/>\n<meta name=\"robots\" content=\"index, follow, max-snippet:-1, max-image-preview:large, max-video-preview:-1\" \/>\n<link rel=\"canonical\" href=\"https:\/\/qualiteexcellencemanageriale.org\/index.php\/conference-2023\/\" \/>\n<meta property=\"og:locale\" content=\"fr_FR\" \/>\n<meta property=\"og:type\" content=\"article\" \/>\n<meta property=\"og:title\" content=\"CONF\u00c9RENCE 2023 - Revue de la Qualit\u00e9 et de l&#039;Excellence Manag\u00e9riale\" \/>\n<meta property=\"og:description\" content=\"1\u00e8re conf\u00e9rence Qualit\u00e9 et Excellence Manag\u00e9riale \u00e0 l&#039;IFIS de l&#039;Universit\u00e9 Gustave Eiffel. Les inscriptions sont ouvertes !\" \/>\n<meta property=\"og:url\" content=\"https:\/\/qualiteexcellencemanageriale.org\/index.php\/conference-2023\/\" \/>\n<meta property=\"og:site_name\" content=\"Revue de la Qualit\u00e9 et de l&#039;Excellence Manag\u00e9riale\" \/>\n<meta property=\"article:modified_time\" content=\"2023-03-16T09:48:04+00:00\" \/>\n<meta property=\"og:image\" content=\"http:\/\/qualiteexcellencemanageriale.org\/wp-content\/uploads\/2022\/05\/Logo-RQEM.png\" \/>\n<meta name=\"twitter:card\" content=\"summary_large_image\" \/>\n<meta name=\"twitter:label1\" content=\"Dur\u00e9e de lecture estim\u00e9e\" \/>\n\t<meta name=\"twitter:data1\" content=\"1 minute\" \/>\n<script type=\"application\/ld+json\" class=\"yoast-schema-graph\">{\"@context\":\"https:\/\/schema.org\",\"@graph\":[{\"@type\":\"WebPage\",\"@id\":\"https:\/\/qualiteexcellencemanageriale.org\/index.php\/conference-2023\/\",\"url\":\"https:\/\/qualiteexcellencemanageriale.org\/index.php\/conference-2023\/\",\"name\":\"CONF\u00c9RENCE 2023 - Revue de la Qualit\u00e9 et de l&#039;Excellence Manag\u00e9riale\",\"isPartOf\":{\"@id\":\"https:\/\/qualiteexcellencemanageriale.org\/#website\"},\"datePublished\":\"2023-02-28T13:44:58+00:00\",\"dateModified\":\"2023-03-16T09:48:04+00:00\",\"description\":\"1\u00e8re conf\u00e9rence Qualit\u00e9 et Excellence Manag\u00e9riale \u00e0 l'IFIS de l'Universit\u00e9 Gustave Eiffel. Les inscriptions sont ouvertes !\",\"breadcrumb\":{\"@id\":\"https:\/\/qualiteexcellencemanageriale.org\/index.php\/conference-2023\/#breadcrumb\"},\"inLanguage\":\"fr-FR\",\"potentialAction\":[{\"@type\":\"ReadAction\",\"target\":[\"https:\/\/qualiteexcellencemanageriale.org\/index.php\/conference-2023\/\"]}]},{\"@type\":\"BreadcrumbList\",\"@id\":\"https:\/\/qualiteexcellencemanageriale.org\/index.php\/conference-2023\/#breadcrumb\",\"itemListElement\":[{\"@type\":\"ListItem\",\"position\":1,\"name\":\"Accueil\",\"item\":\"https:\/\/qualiteexcellencemanageriale.org\/\"},{\"@type\":\"ListItem\",\"position\":2,\"name\":\"Conf\u00e9rence de la RQEM\"}]},{\"@type\":\"WebSite\",\"@id\":\"https:\/\/qualiteexcellencemanageriale.org\/#website\",\"url\":\"https:\/\/qualiteexcellencemanageriale.org\/\",\"name\":\"Revue de la Qualit\u00e9 et de l&#039;Excellence Manag\u00e9riale\",\"description\":\"Un site utilisant WordPress\",\"publisher\":{\"@id\":\"https:\/\/qualiteexcellencemanageriale.org\/#organization\"},\"potentialAction\":[{\"@type\":\"SearchAction\",\"target\":{\"@type\":\"EntryPoint\",\"urlTemplate\":\"https:\/\/qualiteexcellencemanageriale.org\/?s={search_term_string}\"},\"query-input\":\"required name=search_term_string\"}],\"inLanguage\":\"fr-FR\"},{\"@type\":\"Organization\",\"@id\":\"https:\/\/qualiteexcellencemanageriale.org\/#organization\",\"name\":\"Revue de la Qualit\u00e9 et de l&#039;Excellence Manag\u00e9riale\",\"url\":\"https:\/\/qualiteexcellencemanageriale.org\/\",\"logo\":{\"@type\":\"ImageObject\",\"inLanguage\":\"fr-FR\",\"@id\":\"https:\/\/qualiteexcellencemanageriale.org\/#\/schema\/logo\/image\/\",\"url\":\"https:\/\/qualiteexcellencemanageriale.org\/wp-content\/uploads\/2020\/12\/web-agency-logo-3.png\",\"contentUrl\":\"https:\/\/qualiteexcellencemanageriale.org\/wp-content\/uploads\/2020\/12\/web-agency-logo-3.png\",\"width\":200,\"height\":200,\"caption\":\"Revue de la Qualit\u00e9 et de l&#039;Excellence Manag\u00e9riale\"},\"image\":{\"@id\":\"https:\/\/qualiteexcellencemanageriale.org\/#\/schema\/logo\/image\/\"}}]}<\/script>\n<!-- \/ Yoast SEO plugin. -->","yoast_head_json":{"title":"CONF\u00c9RENCE 2023 - Revue de la Qualit\u00e9 et de l&#039;Excellence Manag\u00e9riale","description":"1\u00e8re conf\u00e9rence Qualit\u00e9 et Excellence Manag\u00e9riale \u00e0 l'IFIS de l'Universit\u00e9 Gustave Eiffel. Les inscriptions sont ouvertes !","robots":{"index":"index","follow":"follow","max-snippet":"max-snippet:-1","max-image-preview":"max-image-preview:large","max-video-preview":"max-video-preview:-1"},"canonical":"https:\/\/qualiteexcellencemanageriale.org\/index.php\/conference-2023\/","og_locale":"fr_FR","og_type":"article","og_title":"CONF\u00c9RENCE 2023 - Revue de la Qualit\u00e9 et de l&#039;Excellence Manag\u00e9riale","og_description":"1\u00e8re conf\u00e9rence Qualit\u00e9 et Excellence Manag\u00e9riale \u00e0 l'IFIS de l'Universit\u00e9 Gustave Eiffel. Les inscriptions sont ouvertes !","og_url":"https:\/\/qualiteexcellencemanageriale.org\/index.php\/conference-2023\/","og_site_name":"Revue de la Qualit\u00e9 et de l&#039;Excellence Manag\u00e9riale","article_modified_time":"2023-03-16T09:48:04+00:00","og_image":[{"url":"http:\/\/qualiteexcellencemanageriale.org\/wp-content\/uploads\/2022\/05\/Logo-RQEM.png"}],"twitter_card":"summary_large_image","twitter_misc":{"Dur\u00e9e de lecture estim\u00e9e":"1 minute"},"schema":{"@context":"https:\/\/schema.org","@graph":[{"@type":"WebPage","@id":"https:\/\/qualiteexcellencemanageriale.org\/index.php\/conference-2023\/","url":"https:\/\/qualiteexcellencemanageriale.org\/index.php\/conference-2023\/","name":"CONF\u00c9RENCE 2023 - Revue de la Qualit\u00e9 et de l&#039;Excellence Manag\u00e9riale","isPartOf":{"@id":"https:\/\/qualiteexcellencemanageriale.org\/#website"},"datePublished":"2023-02-28T13:44:58+00:00","dateModified":"2023-03-16T09:48:04+00:00","description":"1\u00e8re conf\u00e9rence Qualit\u00e9 et Excellence Manag\u00e9riale \u00e0 l'IFIS de l'Universit\u00e9 Gustave Eiffel. Les inscriptions sont ouvertes !","breadcrumb":{"@id":"https:\/\/qualiteexcellencemanageriale.org\/index.php\/conference-2023\/#breadcrumb"},"inLanguage":"fr-FR","potentialAction":[{"@type":"ReadAction","target":["https:\/\/qualiteexcellencemanageriale.org\/index.php\/conference-2023\/"]}]},{"@type":"BreadcrumbList","@id":"https:\/\/qualiteexcellencemanageriale.org\/index.php\/conference-2023\/#breadcrumb","itemListElement":[{"@type":"ListItem","position":1,"name":"Accueil","item":"https:\/\/qualiteexcellencemanageriale.org\/"},{"@type":"ListItem","position":2,"name":"Conf\u00e9rence de la RQEM"}]},{"@type":"WebSite","@id":"https:\/\/qualiteexcellencemanageriale.org\/#website","url":"https:\/\/qualiteexcellencemanageriale.org\/","name":"Revue de la Qualit\u00e9 et de l&#039;Excellence Manag\u00e9riale","description":"Un site utilisant WordPress","publisher":{"@id":"https:\/\/qualiteexcellencemanageriale.org\/#organization"},"potentialAction":[{"@type":"SearchAction","target":{"@type":"EntryPoint","urlTemplate":"https:\/\/qualiteexcellencemanageriale.org\/?s={search_term_string}"},"query-input":"required name=search_term_string"}],"inLanguage":"fr-FR"},{"@type":"Organization","@id":"https:\/\/qualiteexcellencemanageriale.org\/#organization","name":"Revue de la Qualit\u00e9 et de l&#039;Excellence Manag\u00e9riale","url":"https:\/\/qualiteexcellencemanageriale.org\/","logo":{"@type":"ImageObject","inLanguage":"fr-FR","@id":"https:\/\/qualiteexcellencemanageriale.org\/#\/schema\/logo\/image\/","url":"https:\/\/qualiteexcellencemanageriale.org\/wp-content\/uploads\/2020\/12\/web-agency-logo-3.png","contentUrl":"https:\/\/qualiteexcellencemanageriale.org\/wp-content\/uploads\/2020\/12\/web-agency-logo-3.png","width":200,"height":200,"caption":"Revue de la Qualit\u00e9 et de l&#039;Excellence Manag\u00e9riale"},"image":{"@id":"https:\/\/qualiteexcellencemanageriale.org\/#\/schema\/logo\/image\/"}}]}},"_links":{"self":[{"href":"https:\/\/qualiteexcellencemanageriale.org\/index.php\/wp-json\/wp\/v2\/pages\/926","targetHints":{"allow":["GET"]}}],"collection":[{"href":"https:\/\/qualiteexcellencemanageriale.org\/index.php\/wp-json\/wp\/v2\/pages"}],"about":[{"href":"https:\/\/qualiteexcellencemanageriale.org\/index.php\/wp-json\/wp\/v2\/types\/page"}],"author":[{"embeddable":true,"href":"https:\/\/qualiteexcellencemanageriale.org\/index.php\/wp-json\/wp\/v2\/users\/1"}],"replies":[{"embeddable":true,"href":"https:\/\/qualiteexcellencemanageriale.org\/index.php\/wp-json\/wp\/v2\/comments?post=926"}],"version-history":[{"count":9,"href":"https:\/\/qualiteexcellencemanageriale.org\/index.php\/wp-json\/wp\/v2\/pages\/926\/revisions"}],"predecessor-version":[{"id":961,"href":"https:\/\/qualiteexcellencemanageriale.org\/index.php\/wp-json\/wp\/v2\/pages\/926\/revisions\/961"}],"wp:attachment":[{"href":"https:\/\/qualiteexcellencemanageriale.org\/index.php\/wp-json\/wp\/v2\/media?parent=926"}],"curies":[{"name":"wp","href":"https:\/\/api.w.org\/{rel}","templated":true}]}}